) = 2875*c + 149609. What is t(-52)?
109
Let m(f) = 2*f**3 + 174*f - 743. Calculate m(5).
377
Let j(u) = -2*u**3 - 8*u**2 - 419*u - 2052. Determine j(-5).
93
Let k(g) = g**2 + 85*g - 3004. What is k(-113)?
160
Let g(b) = -8748*b + 262419. What is g(30)?
-21
Let f(r) = -5*r**2 - 52000*r + 572602. What is f(11)?
-3
Let u(x) = x**2 + 90*x - 478. Calculate u(4).
-102
Let o(l) = -7820*l + 4191490. Give o(536).
-30
Let u(v) = -v**3 + 130*v**2 - 344*v - 5026. Determine u(127).
-327
Let k(j) = 3*j**2 + 725*j + 42200. Determine k(-143).
-128
Let m(x) = 71149*x + 1778756. Determine m(-25).
31
Let s(y) = -6201*y - 496255. What is s(-80)?
-175
Let o(f) = -6*f**2 + 1740*f + 7012. Give o(-4).
-44
Let s(v) = -10*v - 1244. Give s(-26).
-984
Let f(a) = -4*a**3 + 432*a**2 + 2662*a - 68. Give f(-6).
376
Let z(w) = w**2 - 3180*w - 89482. Determine z(-28).
342
Let n(h) = -811592*h - 3246361. What is n(-4)?
7
Let u(a) = 48*a**2 - 1488*a + 28. Calculate u(31).
28
Let a(j) = -10493*j + 104935. What is a(10)?
5
Let t(x) = x**3 - 59*x**2 - 84*x + 1180. Determine t(60).
-260
Let f(l) = -5224*l + 4550088. Calculate f(871).
-16
Let a(z) = z**2 - 870*z - 5971. Determine a(-7).
168
Let o(i) = 7*i**2 - 3675*i - 1. Calculate o(0).
-1
Let o(i) = -27224*i + 435447. Determine o(16).
-137
Let m(c) = -c**2 - 1472*c - 532290. Calculate m(-833).
-3
Let v(s) = -2*s**2 + 410*s + 13. Give v(0).
13
Let l(o) = 39*o**2 - 480*o - 1440. Give l(-3).
351
Let d(l) = 25827*l + 232449. Determine d(-9).
6
Let u(h) = 23118*h - 1040314. Give u(45).
-4
Let o(d) = 115*d + 10483. What is o(-91)?
18
Let t(k) = -2*k**3 + 1559*k**2 - 35526*k - 4543. What is t(756)?
-7
Let b(y) = -4015022*y + 16060092. What is b(4)?
4
Let c(g) = 10143*g - 60859. Calculate c(6).
-1
Let p(u) = 4*u**2 - 31*u - 118. Give p(-3).
11
Let k(m) = 211*m**2 - 1899*m + 14. Determine k(9).
14
Let t(j) = -2*j**3 - 40*j**2 + 60*j + 358. Give t(-21).
-20
Let p(h) = h**3 - 8*h**2 - 29*h + 11. What is p(12)?
239
Let o(r) = r**2 - 86*r - 254185. Give o(549).
2
Let n(f) = f**3 - 16*f**2 + 34*f + 37. What is n(13)?
-28
Let p(v) = -4*v**2 - 3496*v - 271074. Calculate p(-788).
-2
Let p(c) = -c**2 - 74*c - 1180. Give p(-66).
-652
Let i(t) = 2437*t + 19481. Determine i(-8).
-15
Let d(f) = -f**2 - 172*f + 294. Give d(-180).
-1146
Let q(s) = -116*s + 7976. Determine q(69).
-28
Let b(p) = -p**3 - 4*p**2 + 210*p - 127. Give b(-17).
60
Let b(f) = -18110*f - 72361. Calculate b(-4).
79
Let v(k) = -k**2 - 79*k - 583. Calculate v(-8).
-15
Let p(z) = z**3 - 10*z**2 - 2682*z + 18926. Calculate p(7).
5
Let d(u) = -1439*u - 155416. Give d(-108).
-4
Let l(t) = t**2 + 4657*t - 407892. Calculate l(86).
6
Let q(o) = -o**3 + 105*o**2 - 2739*o - 281. Give q(49).
-36
Let v(h) = h**3 - 146*h**2 + 3*h - 651. Give v(146).
-213
Let b(w) = 10236*w - 10395. What is b(1)?
-159
Let o(b) = -b**3 - 4*b**2 + 92*b + 479. Determine o(-7).
-18
Let j(a) = 125239*a - 3005749. What is j(24)?
-13
Let h(l) = 930*l + 2471. What is h(-5)?
-2179
Let j(s) = 53529*s - 53524. What is j(1)?
5
Let o(u) = 9*u**3 + 2627*u**2 - 432*u - 40857. Give o(-292).
23
Let q(o) = -3098*o**3 - 24788*o**2 - 70*o - 304. Calculate q(-8).
0
Let s(r) = -129*r**2 - 506*r + 5729. What is s(5)?
-26
Let d(u) = -16655*u + 20968641. What is d(1259)?
-4
Let i(u) = 3*u**3 + 43*u**2 + 100*u + 4052. Calculate i(-17).
40
Let k(t) = -t**2 + 128*t + 7632. Calculate k(172).
64
Let f(c) = 3*c**3 + 272*c**2 + 1224*c + 101. Determine f(-86).
-1619
Let y(s) = -1714*s + 203994. Calculate y(119).
28
Let w(s) = s**2 + 510*s + 27029. Determine w(-60).
29
Let k(a) = -8*a**2 - 1234*a - 29020. Calculate k(-29).
38
Let f(t) = t**2 - 1703*t + 17018. What is f(10)?
88
Let x(q) = 57*q**3 - 7*q**2 - 314*q - 1212. What is x(-4)?
-3716
Let o(y) = -3642*y - 84534. Give o(-23).
-768
Let a(r) = r**3 + 248*r**2 - 525*r - 6205. Determine a(-250).
45
Let t(u) = 4*u**2 + 20076*u - 120695. Determine t(6).
-95
Let x(s) = -5108*s - 5139. Give x(-1).
-31
Let s(c) = -13*c**2 + 704*c + 1406. What is s(-2)?
-54
Let o(z) = z**2 + 136*z + 5005. What is o(-88)?
781
Let i(t) = -10550*t + 255. Give i(0).
255
Let f(n) = 978*n - 5056. Give f(4).
-1144
Let b(o) = 9*o**3 + 91*o**2 - 9*o - 85. Determine b(-10).
105
Let c(r) = -650158*r - 4551138. Calculate c(-7).
-32
Let i(l) = 22*l**2 + 329*l - 73. Determine i(-15).
-58
Let o(y) = 553*y + 8731. Determine o(-13).
1542
Let i(k) = 30*k**2 - 92*k - 638. Calculate i(-8).
2018
Let f(i) = i**2 - 4364645*i + 17458572. What is f(4)?
8
Let o(j) = 260*j**2 + 1043*j + 10. Determine o(-4).
-2
Let a(d) = 16659*d - 8629354. Calculate a(518).
8
Let r(m) = 31*m**2 - 2230*m - 5064. Calculate r(74).
-328
Let z(x) = -72*x**3 - 504*x**2 + 94*x + 674. Give z(-7).
16
Let f(l) = 3689460*l + 7378919. Determine f(-2).
-1
Let d(p) = p**2 + 69*p - 4297. What is d(43)?
519
Let k(b) = -4*b**2 + 4164*b + 16722. Determine k(-4).
2
Let n(z) = 3*z**2 - 3231*z + 569440. What is n(855)?
10
Let c(x) = -x**3 - 11*x**2 + 332*x + 3135. Calculate c(-9).
-15
Let a(r) = -r**3 - 129*r**2 - 2237*r + 66. Give a(-21).
-585
Let l(j) = -49*j - 5312. Determine l(-98).
-510
Let h(y) = -46*y**2 + 806*y - 1393. Calculate h(2).
35
Let r(w) = 15*w + 662. Give r(-61).
-253
Let m(r) = -3*r**3 - 49*r**2 - 10*r + 71. What is m(-16)?
-25
Let v(i) = 79*i + 3659. Give v(-46).
25
Let k(s) = -s**2 - 33220*s - 4960506. What is k(-150)?
-6
Let u(w) = 5*w**3 - 327*w**2 - 37250*w - 1. Calculate u(125).
-1
Let g(s) = 15*s**2 + 4142*s - 132731. Determine g(29).
2
Let c(g) = -22*g**3 + 5*g**2 + 1825*g - 1831. Calculate c(1).
-23
Let z(p) = -2*p**3 + 310*p**2 - 1219*p + 593. Determine z(151).
-1068
Let s(d) = -d**3 + 61*d**2 - 285*d + 216. Calculate s(56).
-64
Let y(t) = -t**3 + 798*t**2 - 106286*t - 9437. Give y(629).
-2
Let t(v) = -92404*v + 1570873. Give t(17).
5
Let j(i) = -4*i**3 + 161*i**2 - 117*i - 3060. Determine j(39).
-18
Let l(w) = -32*w**3 - 1568*w**2 + 4*w - 70. Give l(-49).
-266
Let n(u) = -324613*u - 14607579. Calculate n(-45).
6
Let j(y) = y**3 + 23*y**2 - 361*y - 7315. What is j(-26)?
43
Let s(g) = -g**2 + 1527*g - 15306. Calculate s(10).
-136
Let q(p) = 2749*p + 126414. What is q(-46)?
-40
Let i(l) = 18*l**2 + 929*l - 413. What is i(-52)?
-49
Let j(g) = -9097*g - 136421. Calculate j(-15).
34
Let u(b) = 1201*b + 1444. Calculate u(-2).
-958
Let s(q) = -184*q**3 - 12328*q**2 - 38*q - 116. Determine s(-67).
2430
Let f(c) = 2279*c - 685818. Determine f(301).
161
Let i(v) = -2664914*v + 7994741. What is i(3)?
-1
Let z(t) = -t**3 + 41*t**2 + 3626*t - 1165. Calculate z(84).
11
Let q(u) = -u**2 + 513*u - 48168. What is q(389)?
68
Let z(a) = 36826*a + 20033338. Determine z(-544).
-6
Let g(k) = -488*k**2 + 1882*k + 7. Give g(4).
-273
Let b(a) = 2*a**2 + 30*a - 16964. Determine b(-100).
36
Let s(f) = -9615*f + 57296. What is s(6)?
-394
Let m(v) = -v**3 - 232*v**2 - 13344*v + 1506. Give m(-126).
-6
Let f(q) = 14459*q + 1951961. What is f(-135)?
-4
Let w(q) = 2*q**2 + 100*q - 15704. Calculate w(67).
-26
Let l(q) = q**2 - 1120*q + 8970. Give l(8).
74
Let z(i) = 13*i**2 - 1033*i + 18572. Give z(52).
8
Let l(h) = 22*h**3 + 749*h**2 - 1774*h - 61491. Determine l(-34).
-19
Let i(q) = 91*q**3 - 448*q**2 - 19*q + 23. Give i(5).
103
Let t(z) = -2*z**2 - 131*z - 947. Determine t(-55).
208
Let w(p) = p**3 - 10*p**2 + 94*p - 382. Give w(5).
-37
Let s(b) = 203103*b + 1624934. Give s(-8).
110
Let p(l) = -4*l**2 - 65*l + 94. What is p(-17)?
43
Let k(m) = -m**3 - 75*m**2 + 218*m - 1260. Calculate k(-78).
-12
Let v(d) = -25618*d + 153709. Calculate v(6).
1
Let h(p) = p**2 + 583*p - 1219. What is h(0)?
-1219
Let c(d) = 7412*d + 7736. Give c(-1).
324
Let f(w) = -w**3 - 355*w**2 + 354*w - 728. What is f(-356)?
-16
Let u(k) = k**3 - 14*k**2 - 227*k + 158. What is u(-10)?
28
Let z(r) = 10621*r + 13520532. Calculate z(-1273).
-1
Let a(c) = c**3 - 2*c**2 - 9489*c + 66180. Give a(7).
2
Let u(h) = h**2 - 332*h - 185278. Determine u(-295).
-313
Let h(o) = 7028*o + 7039. Give h(-1).
11
Let s(l) = 29211*l + 87604. Calculate s(-3).
-29
Let c(b) = -b**2 - 9177*b - 1795473. What is c(-200)?
-73
Let v(q) = 1730*q - 110696. Determine v(64).
24
Let c(b) = 46*b**2 - 8*b - 232. Give c(-6).
1472
Let d(c) = -4*c**3 + c**2 + 59*c + 109. Calculate d(-2).
27
Let w(q) = -q**3 + 250*q**2 + 1533*q + 702. Determine w(256